{"id":2,"date":"2016-05-30T20:16:56","date_gmt":"2016-05-30T19:16:56","guid":{"rendered":"http:\/\/www.ecce-bet.com\/?page_id=2"},"modified":"2023-12-18T09:06:40","modified_gmt":"2023-12-18T08:06:40","slug":"page-d-exemple","status":"publish","type":"page","link":"http:\/\/www.ecce-bet.com\/","title":{"rendered":"PRESENTATION D&#8217;ENTREPRISE"},"content":{"rendered":"<p>ECCE, bureau d&#8217;\u00e9tudes d&#8217;ing\u00e9nierie d&#8217;\u00e9nergie a\u00a0\u00e9t\u00e9 cr\u00e9e en 2016 par Jeremy Chauchaix fort de\u00a09 ann\u00e9es d\u2019exp\u00e9rience dans le domaine de\u00a0l\u2019\u00e9lectricit\u00e9 Tertiaire acquises en tant que chef de\u00a0projet sur des projets d\u2019envergure R\u00e9sidence de tourisme et h\u00f4tellerie en Tarentaise (Savoie) et Habitat de luxe<\/p>\n<p>Int\u00e9gration de p\u00f4les de comp\u00e9tences pour des missions:<\/p>\n<blockquote><p>Audit<\/p>\n<p>Diagnostic<\/p>\n<p>Etudes de faisabilit\u00e9<\/p>\n<p>Expertises techniques<\/p>\n<p>Etudes techniques d&#8217;avant projet et d&#8217;ex\u00e9cution dans les domaines de la distribution et des installations issues des \u00e9nergies \u00e9lectriques<\/p><\/blockquote>\n<p>Ce large champ d&#8217;application nous permet d&#8217;intervenir de la conception jusqu&#8217;\u00e0 l&#8217;exploitation de chaque construction ou projet qui nous est confi\u00e9, dans des domaines d&#8217;activit\u00e9s vari\u00e9s, ayant chacun leurs contraintes et leurs sp\u00e9cificit\u00e9s.<\/p>\n<p>Le bureau d&#8217;ing\u00e9nierie ECCE intervient pour tous types de b\u00e2timent : Tertiaire, Industriel ou R\u00e9sidentiel.<\/p>\n","protected":false},"excerpt":{"rendered":"<p>ECCE, bureau d&#8217;\u00e9tudes d&#8217;ing\u00e9nierie d&#8217;\u00e9nergie a\u00a0\u00e9t\u00e9 cr\u00e9e en 2016 par Jeremy Chauchaix fort de\u00a09 ann\u00e9es d\u2019exp\u00e9rience dans le domaine de\u00a0l\u2019\u00e9lectricit\u00e9 Tertiaire acquises en tant que chef de\u00a0projet sur des projets d\u2019envergure R\u00e9sidence de tourisme et h\u00f4tellerie en Tarentaise (Savoie) et Habitat de luxe Int\u00e9gration de p\u00f4les de comp\u00e9tences pour des missions: Audit Diagnostic Etudes de [&hellip;]<\/p>\n","protected":false},"author":1,"featured_media":7,"parent":0,"menu_order":1,"comment_status":"closed","ping_status":"open","template":"custom-page.php","meta":{"footnotes":""},"class_list":["post-2","page","type-page","status-publish","has-post-thumbnail","czr-hentry"],"_links":{"self":[{"href":"http:\/\/www.ecce-bet.com\/index.php\/wp-json\/wp\/v2\/pages\/2"}],"collection":[{"href":"http:\/\/www.ecce-bet.com\/index.php\/wp-json\/wp\/v2\/pages"}],"about":[{"href":"http:\/\/www.ecce-bet.com\/index.php\/wp-json\/wp\/v2\/types\/page"}],"author":[{"embeddable":true,"href":"http:\/\/www.ecce-bet.com\/index.php\/wp-json\/wp\/v2\/users\/1"}],"replies":[{"embeddable":true,"href":"http:\/\/www.ecce-bet.com\/index.php\/wp-json\/wp\/v2\/comments?post=2"}],"version-history":[{"count":9,"href":"http:\/\/www.ecce-bet.com\/index.php\/wp-json\/wp\/v2\/pages\/2\/revisions"}],"predecessor-version":[{"id":309,"href":"http:\/\/www.ecce-bet.com\/index.php\/wp-json\/wp\/v2\/pages\/2\/revisions\/309"}],"wp:featuredmedia":[{"embeddable":true,"href":"http:\/\/www.ecce-bet.com\/index.php\/wp-json\/wp\/v2\/media\/7"}],"wp:attachment":[{"href":"http:\/\/www.ecce-bet.com\/index.php\/wp-json\/wp\/v2\/media?parent=2"}],"curies":[{"name":"wp","href":"https:\/\/api.w.org\/{rel}","templated":true}]}}